1.
2039, 45139
List the prime factors of 712559012.
2, 11, 17, 952619
List the prime factors of 3419492578.
2, 41, 229, 182101
List the prime factors of 540343305.
3, 5, 41, 10847
List the prime factors of 73230714.
2, 3, 4068373
What are the prime factors of 241855218?
2, 3, 11, 19, 53, 1213
List the prime factors of 1021169313.
3, 113463257
What are the prime factors of 272315650?
2, 5, 47, 115879
List the prime factors of 2101187915.
5, 53, 701, 11311
What are the prime factors of 39269530?
2, 5, 691, 5683
List the prime factors of 1441340575.
5, 337, 171079
List the prime factors of 205389076.
2, 2939, 17471
List the prime factors of 474664962.
2, 3, 71, 461, 2417
What are the prime factors of 549216843?
3, 7, 3736169
What are the prime factors of 68511300?
2, 3, 5, 11, 13, 1597
List the prime factors of 1603774509.
3, 17, 37, 839, 1013
What are the prime factors of 277439621?
277439621
List the prime factors of 491670903.
3, 131, 1251071
What are the prime factors of 1433861783?
1433861783
What are the prime factors of 133043495?
5, 13, 2046823
List the prime factors of 249487704.
2, 3, 3465107
What are the prime factors of 465393322?
2, 1319, 176419
What are the prime factors of 2300808976?
2, 2087, 68903
What are the prime factors of 127885025?
5, 53, 96517
List the prime factors of 65451453.
3, 103, 211817
What are the prime factors of 1233691236?
2, 3, 3807689
List the prime factors of 2039199588.
2, 3, 56644433
What are the prime factors of 1277433494?
2, 638716747
What are the prime factors of 407083905?
3, 5, 9046309
What are the prime factors of 5313825?
3, 5, 11, 19, 113
What are the prime factors of 779315107?
31, 4519, 5563
List the prime factors of 194902536.
2, 3, 359, 22621
List the prime factors of 1166317021.
21317, 54713
What are the prime factors of 4088394342?
2, 3, 3361, 67579
List the prime factors of 769821871.
7, 13, 191, 3407
List the prime factors of 13468220.
2, 5, 673411
List the prime factors of 15963819.
3, 19, 229, 1223
What are the prime factors of 21577919?
11, 37, 53017
What are the prime factors of 1556920751?
61, 709, 35999
List the prime factors of 580730285.
5, 17, 31, 220391
What are the prime factors of 236261622?
2, 3, 39376937
List the prime factors of 207221435.
5, 41444287
What are the prime factors of 1210638133?
31, 39052843
List the prime factors of 855282185.
5, 171056437
What are the prime factors of 2857256365?
5, 37, 379, 40751
List the prime factors of 1746329785.
5, 349265957
What are the prime factors of 2544409103?
31, 103, 796871
List the prime factors of 33688416.
2, 3, 103, 3407
What are the prime factors of 975091?
13, 107, 701
What are the prime factors of 26973570?
2, 3, 5, 13, 69163
List the prime factors of 8220071.
83, 97, 1021
List the prime factors of 342932530.
2, 5, 23, 109, 13679
List the prime factors of 2922896286.
2, 3, 821, 65929
List the prime factors of 351705052.
2, 23, 41, 93241
List the prime factors of 596516413.
596516413
List the prime factors of 82500278.
2, 7, 1019, 5783
What are the prime factors of 284268674?
2, 151, 397, 2371
What are the prime factors of 76903779?
3, 3671, 6983
List the prime factors of 2485425967.
19, 130811893
What are the prime factors of 137686125?
3, 5, 367163
List the prime factors of 70924465.
5, 41, 277, 1249
What are the prime factors of 340162002?
2, 3, 18897889
What are the prime factors of 452863137?
3, 150954379
List the prime factors of 133574511.
3, 7, 173, 36767
What are the prime factors of 86195486?
2, 13, 3315211
What are the prime factors of 1303514433?
3, 13, 11141149
List the prime factors of 41115608.
2, 5139451
What are the prime factors of 1964427593?
5849, 335857
What are the prime factors of 60027577?
97, 618841
What are the prime factors of 452893320?
2, 3, 5, 11, 37, 281
What are the prime factors of 100599969?
3, 179, 187337
What are the prime factors of 49498266?
2, 3, 8249711
List the prime factors of 3122722915.
5, 13, 48041891
What are the prime factors of 48572546?
2, 11, 200713
What are the prime factors of 406611470?
2, 5, 40661147
What are the prime factors of 1053104348?
2, 31, 8492777
What are the prime factors of 329641080?
2, 3, 5, 47, 211, 277
What are the prime factors of 79585091?
19, 31, 135119
What are the prime factors of 225106070?
2, 5, 7, 137, 23473
List the prime factors of 161747218.
2, 80873609
What are the prime factors of 54376761?
3, 17, 23, 151, 307
List the prime factors of 58104740.
2, 5, 2905237
List the prime factors of 1298706567.
3, 432902189
What are the prime factors of 1963813133?
173, 11351521
List the prime factors of 203492473.
3881, 52433
List the prime factors of 146469932.
2, 7, 5231069
List the prime factors of 50967688.
2, 6370961
List the prime factors of 234805699.
234805699
What are the prime factors of 3943578536?
2, 17, 1613, 17977
What are the prime factors of 9845119?
641, 15359
List the prime factors of 111716107.
43, 139, 18691
What are the prime factors of 59055270?
2, 3, 5, 401, 4909
What are the prime factors of 130191321?
3, 13, 17, 11551
List the prime factors of 398496238.
2, 7, 28464017
What are the prime factors of 973692182?
2, 486846091
List the prime factors of 227458029.
3, 2053, 36931
What are the prime factors of 125154074?
2, 62577037
List the prime factors of 355225582.
2, 29, 293, 20903
What are the prime factors of 24108628?
2, 29, 207833
What are the prime factors of 232948615?
5, 67, 695369
What are the prime factors of 42032647?
163, 257869
What are the prime factors of 221840363?
221840363
What are the prime factors of 636104692?
2, 1117, 142369
What are the prime factors of 2223905529?
3, 6133, 120871
List the prime factors of 1632997130.
2, 5, 163299713
List the prime factors of 177897013.
7, 521, 48779
List the prime factors of 593422097.
211, 307, 9161
List the prime factors of 2190544230.
2, 3, 5, 7, 67, 155689
List the prime factors of 4022163791.
47, 85577953
What are the prime factors of 4525117336?
2, 23, 59, 523, 797
What are the prime factors of 146668565?
5, 151, 194263
What are the prime factors of 137993566?
2, 59, 79, 113, 131
List the prime factors of 1790492469.
3, 2267, 263269
What are the prime factors of 2222515120?
2, 5, 7, 19, 89, 2347
List the prime factors of 80297545.
5, 17, 944677
List the prime factors of 1254101989.
7, 61, 191, 15377
List the prime factors of 234854334.
2, 3, 11, 13, 23, 3967
What are the prime factors of 24242914?
2, 12121457
List the prime factors of 2058898408.
2, 7, 36766043
What are the prime factors of 505362973?
193, 2618461
List the prime factors of 44323572.
2, 3, 113, 32687
What are the prime factors of 1063432538?
2, 7, 163, 466009
What are the prime factors of 49541263?
109, 454507
List the prime factors of 1086689171.
1171, 928001
List the prime factors of 143228825.
5, 17, 29, 11621
What are the prime factors of 90400011?
3, 13, 991, 2339
List the prime factors of 2558963185.
5, 71, 7208347
List the prime factors of 143704513.
143704513
List the prime factors of 6672045957.
3, 167, 13317457
List the prime factors of 1226306768.
2, 76644173
What are the prime factors of 80251381?
7, 29, 53, 7459
What are the prime factors of 16467266?
2, 1657, 4969
What are the prime factors of 3217243619?
3217243619
List the prime factors of 45906358.
2, 17, 1350187
What are the prime factors of 1678792651?
61, 421, 65371
What are the prime factors of 304292196?
2, 3, 13, 499, 1303
List the prime factors of 2245331203.
263, 8537381
List the prime factors of 2834029167.
3, 23993, 39373
List the prime factors of 669407214.
2, 3, 7, 15938267
What are the prime factors of 312362150?
2, 5, 6247243
What are the prime factors of 378937564?
2, 94734391
What are the prime factors of 218397278?
2, 11, 71, 89, 1571
What are the prime factors of 284278792?
2, 7, 725201
What are the prime factors of 650877642?
2, 3, 19, 509, 3739
What are the prime factors of 1958004341?
1958004341
List the prime factors of 691831947.
3, 230610649
What are the prime factors of 12149860?
2, 5, 607493
List the prime factors of 384938175.
3, 5, 1447, 3547
List the prime factors of 35381363.
19, 29, 157, 409
List the prime factors of 3214616412.
2, 3, 7, 38269243
List the prime factors of 297752894.
2, 23, 1867, 3467
Lis